f 140 and 23170?
70
What is the greatest common divisor of 570 and 320?
10
What is the highest common factor of 323 and 17?
17
What is the greatest common factor of 156 and 10842?
78
What is the greatest common factor of 684 and 7353?
171
What is the greatest common divisor of 18 and 6?
6
What is the highest common divisor of 18 and 78?
6
Calculate the greatest common divisor of 175 and 3125.
25
What is the greatest common divisor of 6 and 4638?
6
What is the greatest common factor of 87 and 60117?
87
Calculate the greatest common factor of 10 and 1606.
2
What is the greatest common factor of 204 and 714?
102
Calculate the greatest common factor of 159 and 3.
3
What is the greatest common divisor of 52 and 1300?
52
What is the greatest common factor of 2244 and 220?
44
Calculate the greatest common divisor of 64 and 496.
16
What is the highest common divisor of 4864 and 304?
304
Calculate the greatest common divisor of 14 and 20489.
7
What is the highest common divisor of 5 and 2?
1
What is the highest common divisor of 177 and 9?
3
What is the highest common factor of 26 and 429?
13
What is the highest common divisor of 428 and 32?
4
Calculate the greatest common factor of 19 and 190.
19
Calculate the greatest common divisor of 988 and 380.
76
What is the highest common divisor of 280 and 35?
35
Calculate the highest common divisor of 2 and 1.
1
Calculate the greatest common factor of 52 and 3107.
13
What is the greatest common divisor of 2286 and 18?
18
What is the greatest common factor of 4 and 6?
2
Calculate the highest common factor of 319 and 87.
29
What is the greatest common factor of 1554 and 1218?
42
What is the greatest common factor of 3075 and 45?
15
What is the highest common divisor of 7 and 166?
1
What is the greatest common divisor of 56 and 3164?
28
Calculate the greatest common factor of 28 and 700.
28
What is the greatest common divisor of 81 and 9693?
27
What is the highest common divisor of 28 and 21?
7
What is the greatest common factor of 551 and 76?
19
What is the highest common factor of 34 and 20638?
34
What is the greatest common divisor of 8 and 6764?
4
What is the greatest common divisor of 20 and 25?
5
What is the greatest common divisor of 50 and 8?
2
What is the greatest common factor of 38 and 6?
2
What is the greatest common divisor of 81 and 108?
27
What is the highest common factor of 64 and 1024?
64
What is the highest common divisor of 48 and 17916?
12
What is the greatest common divisor of 64 and 3152?
16
What is the highest common divisor of 112 and 5552?
16
What is the highest common factor of 27714 and 62?
62
Calculate the greatest common factor of 3087 and 7938.
441
What is the highest common factor of 21 and 301?
7
What is the highest common divisor of 2119 and 52?
13
Calculate the highest common divisor of 41 and 1107.
41
What is the greatest common factor of 4536 and 168?
168
What is the greatest common divisor of 195 and 312?
39
What is the highest common factor of 270 and 30?
30
What is the highest common divisor of 189 and 144?
9
Calculate the highest common divisor of 286 and 12727.
143
Calculate the greatest common divisor of 28471 and 71.
71
Calculate the greatest common factor of 60 and 1668.
12
Calculate the highest common factor of 47 and 235.
47
What is the greatest common divisor of 33 and 583?
11
Calculate the greatest common factor of 4 and 51.
1
What is the greatest common factor of 1840 and 8464?
368
Calculate the highest common divisor of 60 and 980.
20
What is the highest common factor of 2680 and 871?
67
Calculate the highest common divisor of 62 and 341.
31
What is the highest common factor of 781 and 22?
11
What is the greatest common factor of 212 and 159?
53
Calculate the greatest common factor of 296 and 68.
4
Calculate the highest common factor of 54 and 837.
27
What is the greatest common divisor of 271 and 11111?
271
Calculate the greatest common divisor of 1064 and 19.
19
Calculate the greatest common divisor of 1632 and 84.
12
Calculate the greatest common factor of 12 and 33.
3
What is the greatest common factor of 207 and 92?
23
Calculate the greatest common divisor of 784 and 176.
16
Calculate the highest common factor of 629 and 374.
17
What is the greatest common divisor of 55 and 1760?
55
What is the greatest common factor of 30 and 18?
6
Calculate the highest common divisor of 3432 and 143.
143
Calculate the greatest common factor of 884 and 52.
52
Calculate the greatest common factor of 150 and 40.
10
Calculate the greatest common factor of 224 and 32.
32
What is the highest common divisor of 19494 and 54?
54
Calculate the highest common factor of 975 and 156.
39
Calculate the highest common divisor of 355 and 213.
71
Calculate the highest common factor of 730 and 10.
10
What is the greatest common divisor of 7 and 10?
1
What is the greatest common factor of 91 and 98644?
91
Calculate the greatest common divisor of 1274 and 392.
98
What is the greatest common factor of 187 and 6226?
11
Calculate the greatest common factor of 289 and 17.
17
Calculate the highest common factor of 81 and 459.
27
Calculate the greatest common divisor of 195 and 403.
13
Calculate the greatest common divisor of 2975 and 119.
119
What is the highest common factor of 208 and 247?
13
Calculate the greatest common divisor of 430 and 43.
43
What is the greatest common divisor of 42 and 42?
42
Calculate the highest common divisor of 352 and 160.
32
What is the highest common divisor of 544 and 200?
8
What is the greatest common factor of 12 and 1572?
12
Calculate the greatest common factor of 27 and 81.
27
What is the greatest common factor of 4 and 631?
1
What is the greatest common divisor of 23 and 184?
23
What is the highest common factor of 189 and 84?
21
Calculate the greatest common divisor of 825 and 300.
75
Calculate the highest common divisor of 152 and 2812.
76
Calculate the greatest common divisor of 2 and 27.
1
What is the highest common factor of 24 and 11268?
12
What is the highest common factor of 465 and 9920?
155
What is the greatest common factor of 1189 and 29?
29
What is the highest common factor of 4814 and 58?
58
What is the highest common divisor of 65 and 455?
65
Calculate the greatest common divisor of 187 and 99.
11
Calculate the greatest common divisor of 266 and 6574.
38
Calculate the greatest common factor of 464 and 1248.
16
What is the greatest common divisor of 99 and 2013?
33
What is the greatest common divisor of 5080 and 40?
40
What is the highest common divisor of 551 and 19?
19
Calculate the greatest common divisor of 8525 and 310.
155
Calculate the highest common factor of 124 and 1054.
62
Calculate the greatest common factor of 19 and 1007.
19
What is the greatest common factor of 399 and 95?
19
What is the highest common factor of 18 and 738?
18
Calculate the highest common factor of 520 and 234.
26
What is the highest common factor of 285 and 513?
57
Calculate the highest common divisor of 59 and 10266.
59
Calculate the greatest common divisor of 2924 and 129.
43
Calculate the highest common factor of 1173 and 138.
69
What is the greatest common divisor of 177 and 472?
59
Calculate the highest common factor of 224 and 28000.
224
What is the greatest common divisor of 8606 and 26?
26
What is the highest common divisor of 9017 and 1651?
127
Calculate the greatest common divisor of 288 and 39456.
288
Calculate the greatest common factor of 259 and 14.
7
What is the greatest common divisor of 954 and 264?
6
Calculate the greatest common factor of 83 and 3071.
83
What is the highest common divisor of 2542 and 82?
82
Calculate the greatest common factor of 32 and 9.
1
What is the highest common factor of 4236 and 20?
4
What is the highest common factor of 92 and 322?
46
Calculate the greatest common divisor of 712 and 4.
4
What is the greatest common divisor of 44 and 1012?
44
What is the greatest common divisor of 525 and 679?
7
Calculate the greatest common divisor of 2356 and 620.
124
What is the highest common divisor of 17241 and 63?
21
Calculate the highest common divisor of 99 and 11715.
33
What is the greatest common divisor of 240 and 400?
80
Calculate the greatest common factor of 708 and 12.
12
Calculate the greatest common factor of 1587